-10010001000100011?
10010001000001011
In base 14, what is -3b364 + 7?
-3b35b
In base 8, what is 16775 + -2?
16773
In base 15, what is -109 - -b?
-ed
In base 12, what is -1403 + -18?
-141b
In base 9, what is 3564745 - -5?
3564751
In base 11, what is -871 - -115?
-757
In base 14, what is -495 - 53?
-508
In base 2, what is 100111 - 11001001110?
-11000100111
In base 11, what is -63 + 50a?
457
In base 8, what is -3 - 1754363?
-1754366
In base 9, what is -3 - -1113587?
1113584
In base 3, what is 20120010220222 + 10?
20120010221002
In base 2, what is -1 - -110100100001011?
110100100001010
In base 13, what is 1 + -57bc?
-57bb
In base 15, what is 3e91 + -3e?
3e52
In base 8, what is 24616 + 1?
24617
In base 10, what is 170 - 2361?
-2191
In base 6, what is 103351 - 3?
103344
In base 6, what is 1131 - -1102?
2233
In base 8, what is 6 + 723461?
723467
In base 16, what is -11f + 3a3?
284
In base 14, what is 18 + -bc27?
-bc0d
In base 8, what is -1210 + -105?
-1315
In base 8, what is -1131 - 1314?
-2445
In base 11, what is -610 - -195?
-426
In base 7, what is -121331 - 4?
-121335
In base 2, what is -110111010 - 100001?
-111011011
In base 6, what is -252132315 + -5?
-252132324
In base 16, what is -22f - -49?
-1e6
In base 9, what is -1052 + -4061?
-5123
In base 2, what is 110101100010000 - -1101?
110101100011101
In base 12, what is 3 + -565a8?
-565a5
In base 2, what is -111110111111 + 10011010?
-111100100101
In base 13, what is 21b + -111?
10a
In base 11, what is -1 + -1506?
-1507
In base 10, what is -38390 + -1?
-38391
In base 5, what is 301323443 - 0?
301323443
In base 14, what is -1 + 400db?
400da
In base 15, what is d + -1ac8?
-1aba
In base 7, what is 466 + -2?
464
In base 15, what is ac + -1a10?
-1953
In base 3, what is 1 + -120022220010?
-120022220002
In base 2, what is -100101001100010101010 + 1?
-100101001100010101001
In base 13, what is -b912 + 14?
-b8cb
In base 12, what is 7786a - -5?
77873
In base 2, what is 11 + 101001111101010001?
101001111101010100
In base 10, what is -5 + 11404?
11399
In base 6, what is 2125425 - -2?
2125431
In base 12, what is 128 + 46?
172
In base 9, what is -10032 + 2?
-10030
In base 16, what is 86 - e1?
-5b
In base 16, what is -149f + 1?
-149e
In base 3, what is 210000221012 + 1?
210000221020
In base 5, what is 44414123 + -3?
44414120
In base 15, what is -ac + -278?
-335
In base 15, what is -5d8 - 8c?
-675
In base 13, what is -80 - 131?
-1b1
In base 13, what is 8 + 23a73?
23a7b
In base 11, what is -48 - -1961?
1914
In base 2, what is 11110 + -11010001100111?
-11010001001001
In base 10, what is -7 - -919761?
919754
In base 10, what is 412763 + 5?
412768
In base 6, what is -225 + -14514?
-15143
In base 3, what is 122122 + -12102220?
-11210021
In base 13, what is 11779 + -11?
11768
In base 8, what is -136154 - -2?
-136152
In base 2, what is 1 + -101100001010000?
-101100001001111
In base 15, what is -5 - -40a?
405
In base 5, what is 11123 + 4040?
20213
In base 12, what is -3 - -b49b?
b498
In base 4, what is -10021 + 110?
-3311
In base 16, what is f627 - -3?
f62a
In base 11, what is -19 - -1443?
1425
In base 16, what is -135d7d + -4?
-135d81
In base 10, what is -8 + 16710?
16702
In base 7, what is -32232 + 21?
-32211
In base 5, what is -40004 + -221?
-40230
In base 10, what is 3 - -12265?
12268
In base 2, what is 1 + -10011111100100001000?
-10011111100100000111
In base 13, what is -b + 978?
96a
In base 5, what is -14411 + -12?
-14423
In base 6, what is -5154112 - 15?
-5154131
In base 9, what is 23003 + -6?
22886
In base 15, what is 46e4 + -8?
46db
In base 12, what is 1b447 - -5?
1b450
In base 8, what is -72133 - 102?
-72235
In base 15, what is 2e - -6c?
9b
In base 8, what is -2 - 21704?
-21706
In base 4, what is -1300 - 130?
-2030
In base 7, what is 50454 - 10?
50444
In base 13, what is 15a8 - 11?
1597
In base 3, what is 21012110 + -2001?
21010102
In base 11, what is 76 + -9307?
-9241
In base 7, what is -1504243 + -12?
-1504255
In base 13, what is -7920 - -2?
-791b
In base 6, what is 212 + 5554?
10210
In base 14, what is 5716 + 1?
5717
In base 5, what is -322113 + -2?
-322120
In base 8, what is 2552 + 717?
3471
In base 2, what is -1101100 + 1111101110?
1110000010
In base 6, what is -4 - 3032432?
-3032440
In base 15, what is 26e3 + -4?
26de
In base 2, what is 11001011100 + 11001001?
11100100101
In base 8, what is 36 + -2271?
-2233
In base 7, what is -25 + -166066?
-166124
In base 9, what is 61515 - 3?
61512
In base 4, what is 20200 - 1232?
12302
In base 2, what is -11110111 - -10011000010001?
10010100011010
In base 16, what is -ac81a + 1?
-ac819
In base 2, what is 10011010101110101 - -10?
10011010101110111
In base 14, what is -d + -79?
-88
In base 14, what is -124 - -14?
-110
In base 5, what is -42104410 + -4?
-42104414
In base 13, what is 33 + -43a57?
-43a24
In base 5, what is -11044 - 40?
-11134
In base 16, what is -5 + -28d7?
-28dc
In base 2, what is 10001001100100 - -11000?
10001001111100
In base 13, what is 11a96 - -3?
11a99
In base 12, what is -213437 - -4?
-213433
In base 9, what is -485 - 1475?
-2071
In base 12, what is 4 - 181779?
-181775
In base 4, what is -210003221 - -2?
-210003213
In base 9, what is -17867 - -15?
-17852
In base 11, what is 85690 - -5?
85695
In base 14, what is -1 - -377a?
3779
In base 14, what is -10c2 - 2?
-10c4
In base 5, what is -13322300 - -3?
-13322242
In base 3, what is 212110020222 + -101?
212110020121
In base 12, what is 5 - -62965?
6296a
In base 7, what is -1 - 155624?
-155625
In base 2, what is 1000000011 + 11100?
1000011111
In base 10, what is 0 - -117097?
117097
In base 4, what is 122130311 + -3?
122130302
In base 2, what is -11011000 - 11011101110?
-11111000110
In base 9, what is -20 + -261348?
-261368
In base 10, what is -1379 + 378?
-1001
In base 16, what is -5 + 12a5f?
12a5a
In base 13, what is 192 - 124?
6b
In base 6, what is 3013 + 2120?
5133
In base 5, what is 113 + -2142?
-2024
In base 11, what is 2943 + 34?
2977
In base 7, what is -106 - -6455?
6346
In base 9, what is -2060 + 132?
-1827
In base 5, what is -3 + -240134?
-240142
In base 11, what is 195 - 86?
10a
In base 2, what is 1 - 11010?
-11001
In base 7, what is 2444346 - 11?
2444335
In base 9, what is 5 + 46633?
46638
In base 13, what is aa644 - 2?
aa642
In base 13, what is -1 - -2579?
2578
In base 9, what is 7417 - -15?
7433
In base 13, what is -a - cb31?
-cb3b
In base 9, what is -387 - -25?
-362
In base 15, what is -1c993 - 4?
-1c997
In base 13, what is 1 - -2aabc3?
2aabc4
In base 12, what is -5 - 115299?
-1152a2
In base 7, what is 1 + 0?
1
In base 3, what is -211102012221 + 2?
-211102012212
In base 9, what is -58406 - -2?
-58404
In base 13, what is -79a63 - 5?
-79a68
In base 4, what is 2000 + -1220?
120
In base 4, what is 332003 - 3?
332000
In base 3, what is -1101 - -11121?
10020
In base 14, what is -37932 - 0?
-37932
In base 10, what is -9494 + 2?
-9492
In base 4, what is -100232 + -230?
-101122
In base 5, what is 3403321 + 2?
3403323
In base 7, what is 35051 + 11?
35062
In base 11, what is -5348 - 5?
-5352
In base 3, what is 100221210102 + 2?
100221210111
In base 10, what is -51101 - -3?
-51098
In base 9, what is -875205 + 13?
-875182
In base 7, what is -202 - 445643?
-446145
In base 12, what is 1b2a - 132?
19b8
In base 3, what is -10 + 1211122021011?
1211122021001
In base 14, what is 216b2 + 5?
216b7
In base 6, what is -5 + -2212300?
-2212305
In base 7, what is -234325 + -51?
-234406
In base 2, what is 100101011 + 1100001111?
10000111010
In base 12, what is 806656 + 3?
806659
In base 12, what is 770b2 + 5?
770b7
In base 12, what is 6833 - 8?
6827
In base 15, what is -6 - 59da?
-59e1
In base 11, what is 4421 + -2?
441a
In base 14, what is -4d7 + -5?
-4dc
In base 2, what is 11000001110100100000 - 110?
11000001110100011010
In base 10, what is 135 + -122?
13
In base 11, what is -17 - 143a?
-1456
In base 11, what is -a + 1157a?
11570
In base 2, what is -101110101110001100 - -11?
-101110101110001001
In base 5, what is 22 + 1444312?
1444334
In base 7, what is 11314 + -6?
11305
In base 12, what is b96 - -25?
bbb
In base 4, what is -2312111232 + 10?
-2312111222
In base 11, what is 2102 + 27?
2129
In base 13, what is -100466 + 3?
-100463
In base 9, what is -32840 - -2?
-32837
In base 7, what is 1602100 - -1?
1602101
In base 2